r?
False
Let m = -498875 - -908938. Is m prime?
True
Let f = -73 + 83. Suppose 0 = -2*m - 6, x - 3*m + m - f = 0. Suppose 5*d = -x*c + 10339, -d - 3266 = -c - 688. Is c a composite number?
True
Let w = -5429 - -707. Suppose 20*j + 9 = 2*o + 17*j, 4*o + 4*j + 32 = 0. Is (2/o)/(4/w) prime?
True
Let s = -10 - -14. Suppose 4*m - 204 = -4*b, 59 = -3*b + s*b + 3*m. Suppose b*h - 40*h - 3283 = 0. Is h a composite number?
True
Suppose 4285 = l - 3843. Suppose 4*m - l = -5*a + 2*m, -5*a = 3*m - 8132. Suppose 4*w - a = -4*z, 2 + 13 = -5*z. Is w prime?
True
Let s(d) = -d**2 + d - 4194. Let b be s(0). Let q = b - -6089. Suppose y + 4*y - q = 0. Is y a composite number?
False
Let t(o) = -o**3 - 3*o**2 - 2. Let g be t(-3). Let r be (2356/(-8) + g)*2. Let c = r + 1180. Is c prime?
True
Suppose 0 = 2*x + 4*z - 407442, x = 2*z + 17958 + 185747. Is x prime?
True
Let j(s) = -206*s - 3. Suppose f + 0*f + 3*v = 71, -5*f + 342 = 2*v. Let r = f - 72. Is j(r) prime?
True
Let n(p) = -p. Let x be (2/(-5))/(3/(-15)). Let a(g) = 8*g**2 - 15*g + 5. Let i(b) = x*n(b) + a(b). Is i(6) a composite number?
False
Is 52521 - ((-1 - 6/(-4)) + 48/32) a composite number?
True
Suppose o + 115*a = 117*a + 563891, -5*o = 2*a - 2819491. Is o composite?
False
Suppose -33*h + 83*h - 918796 = 1685854. Is h prime?
False
Suppose -5*y + 77 = 4*m, 5*m - 15 = -0*m. Suppose y*q = 16*q - 45. Is 5/(q/(-9)) - (-2616 - 2) a composite number?
True
Is ((-3)/((-6)/205319))/(2/4) a composite number?
False
Let q(t) = 4793*t**2 + 7*t + 57. Is q(-4) prime?
True
Let q = 402913 - 287556. Is q prime?
False
Suppose -158*j + 37866752 - 127967 = 3631483. Is j a composite number?
True
Suppose 0 = 19*h - 13*h - 223374. Is h a prime number?
False
Suppose 5*y + 18 = -c, -c + 2 + 10 = -5*y. Is (-6 + c + 1475)*1 a prime number?
False
Suppose -38*r - 39*r + 67332898 = 45*r. Is r a prime number?
True
Let m(c) = 2*c**2 + 3*c + 2. Suppose 6*o - 22 = 8*o. Is m(o) a prime number?
True
Suppose 3*n - 125823 = -5*s, -s = 2*n - 94954 + 11072. Is n a composite number?
False
Let j(c) = -969*c**3 - 2*c**2 + 4*c + 14. Let u be j(-3). Suppose 5*l - u = 4*g, 0 = 3*l - 2*g - 3*g - 15696. Is l composite?
False
Let m = 3749 + -2032. Let t = -762 + m. Is t prime?
False
Let q(v) = -v**3 - 3*v**2 + 17561. Let c = -299 + 299. Is q(c) composite?
True
Let q(v) = -v - 8. Let i be q(-19). Suppose 4*y + x - 15 = 0, 0 = 5*y + 2*x - i - 7. Suppose y*h = h + 777. Is h a composite number?
True
Suppose -13*f + 1768689 = -3054662. Is f a prime number?
True
Is 2/6*-5815959*23/(-23) composite?
True
Let g = -54 + 39. Let w be g/105 - 2/(-14). Suppose -7*q + w*q + 1043 = 0. Is q a composite number?
False
Suppose k - 25 = -19. Suppose -k*p = -11*p + 165. Suppose p*a - 30*a = 10299. Is a a composite number?
False
Let x = 257757 - 130276. Is x a composite number?
False
Is (13/(-15) + 308/165 + -2)*-179857 a composite number?
True
Suppose -4793089 = -41*o + 4980778. Is o composite?
True
Suppose 0 = 17507*f - 17498*f - 92079. Is f a prime number?
False
Suppose 26*z - 44 - 398 = 0. Is (-4)/34 + 255903/z a prime number?
True
Suppose 20*y = -3*y - 115. Let g(l) = -7147*l - 6. Is g(y) a prime number?
True
Let h(m) = -93*m**2 + 3*m + 9. Let a be h(4). Let x be (2/3)/((-6)/a)*25. Suppose -2*c + 7*c = x. Is c a composite number?
True
Let u = -101 - -65. Let s = 56 + u. Suppose s*n - 8331 = 17*n. Is n composite?
False
Suppose -3*h = 2*f + 5, -2*h + 19 = 5*f - 5*h. Suppose -n - 3*k + 22 = -18, n - 60 = f*k. Is ((-3)/2)/((-2)/n) a composite number?
True
Suppose 6*s - 7 - 35 = 0. Suppose -s*q + 8037 = -2876. Is q prime?
True
Let z be 54/(-4) - ((-27)/18 + 1). Let s(n) = -264*n - 61. Is s(z) composite?
False
Let s be (-1)/2 + 3/6. Suppose 5*p - 5321 = -4*l - 0*l, s = 2*l + 2*p - 2660. Let z = l - 490. Is z prime?
True
Let y(k) = -2*k - 23. Let g(s) = -4*s - 47. Let i(r) = 6*g(r) - 13*y(r). Let q be i(-8). Is 2 + (-2)/q - (-2516)/4 composite?
True
Let t = -32008 + 60233. Suppose 17*l - 231 = -61. Suppose t = -5*v + l*v. Is v a composite number?
True
Let n be (-3820)/6*(-36)/24. Let l = n - 368. Suppose -2*t + l = -3*p, -2*t = p - 3*p - 592. Is t a prime number?
False
Suppose -4*w - 240 = 4768. Let r = -737 - w. Let n = r - 224. Is n a composite number?
True
Suppose 4*l = -3*b + 7131, -3*l = -7*l - 5*b + 7141. Let c be (l/(-6))/(2/(-4)). Suppose 6*f - c - 16573 = 0. Is f prime?
True
Is (-129)/43*1090145/(-15) a prime number?
False
Suppose 2*k - 38 + 24 = 0. Suppose 2 = k*y + 51. Is ((-166)/8)/(y/1036) prime?
False
Let r(m) = -6802*m - 4. Let f be r(1). Let b = f + 11456. Let t = b + -3283. Is t a prime number?
True
Is ((-4)/3)/(3/(-9)*112/50995196) a composite number?
False
Suppose -43*o = -39*o - 231824. Suppose o = 56*v - 52*v. Is v composite?
False
Let g(u) = 268*u**2 - 67. Let v be g(16). Let f = v + -46894. Is f prime?
True
Let z = 14942315 - 7001880. Is z a composite number?
True
Let i be (1 + (-36)/8)/(1/(-11246)). Suppose 3*n = 4*c - i, -2*n + 6510 = c - 3333. Is c a prime number?
False
Suppose -615*w + 1343504 = -599*w. Is w composite?
False
Let r(b) = -38699*b - 2082. Is r(-5) a composite number?
False
Let f(d) = 11652*d + 5665. Is f(202) composite?
False
Suppose n - 28535 = -4*x, -5*x + 29*n = 34*n - 35650. Is x a composite number?
True
Let l(s) = -2*s**2 - 8*s. Let y be l(-3). Suppose -h + y*h - 9340 = 0. Suppose -h = -0*v - 4*v. Is v prime?
True
Let f(n) = -n**3 + 7*n**2 + 3*n + 13. Let s be f(8). Let g be s/(-63) - 10616/(-7). Suppose g + 382 = 9*c. Is c a prime number?
True
Let v = 40011 - 6890. Is v prime?
False
Let l be 35/14 - 546/(-4). Let y(f) = -f**2 - 5*f - 2. Let o be y(-4). Suppose -4*r = -z + r + 139, o*r = z - l. Is z prime?
True
Let i be -27*((-245)/(-15))/7. Let q = 23 + i. Is (79/4)/((-2)/q) a prime number?
False
Let p(d) = -3*d**3 - 59*d**2 - 46*d - 97. Is p(-21) prime?
True
Let d be 185856/10 + 12/(-20). Suppose -d = -30*f + 83025. Is f composite?
True
Let i(o) = 5*o - 4*o + 7*o - 15 - 4*o + o**2. Let v be i(-9). Suppose v*l + 534 = 32*l. Is l a composite number?
True
Let l(b) = -4*b + 1. Let p be l(-3). Let y be 1/((-6)/(-24)) - (2 - -2). Suppose y = 5*o - p*o + 48088. Is o prime?
True
Let r = 196200 - 71249. Is r composite?
False
Suppose 31*f - 8*f - 4329727 = -320528. Is f prime?
False
Suppose -38448 = -19*t + 13*t. Suppose -16054 = -11*i + t. Is i composite?
True
Let g(x) = 3*x + 41. Let c be g(-13). Suppose c*z = 2*n - 608, 0 = -n - 2*z + 5*z + 302. Is n composite?
True
Let q(x) = 9 - 1 + 5*x - 700*x**2 + 2*x + 0*x. Let m(t) = 175*t**2 - 2*t - 2. Let a(y) = 9*m(y) + 2*q(y). Is a(3) prime?
False
Suppose 5*k = 28538 + 2937. Suppose -21*w + 20*w = -8. Suppose -3*l = -w*l + k. Is l prime?
True
Let s(a) be the first derivative of a**6/360 - a**5/40 - 5*a**4/24 - 11*a**3 - 12. Let u(b) be the third derivative of s(b). Is u(14) a prime number?
True
Suppose -2*a - 3*p - 4 = -a, 0 = 4*a + 4*p. Suppose -a = u + u. Is ((-166)/(-4))/(u/(1*-38)) composite?
True
Let w = 224128 - -130073. Suppose w - 51162 = 9*t. Is t prime?
False
Is 2/5 + 11/(385/5745446) + -1 composite?
True
Let v = 49372 - 31497. Suppose -v - 43067 = -6*z. Is z a composite number?
True
Let m = 50230 + -24317. Is m a prime number?
True
Let g be (-2)/9 - (-28)/(-36). Is (g/(-2))/((-11)/(-62018)) a composite number?
False
Suppose 1207739 = 1010*p - 997*p. Is p composite?
True
Let z be 3 + (5 - -2)/((-9)/6687). Let o = -985 - z. Is o prime?
False
Suppose -82*y + 80*y + 10 = 0. Suppose -3*j - y = -53. Is 817 + 7 + 1 + j/(-4) a composite number?
False
Let o(d) be the third derivative of 59*d**4/12 - 13*d**2. Let c be o(-2). Let t = c - -381. Is t a composite number?
True
Suppose -z = 7 + 1. Let h be 4 - (z/2 - -523). Let w = h + 5206. Is w composite?
False
Let g(q) = -608*q**2 - 6*q - 11. Let x(c) = -304*c**2 - 3*c - 6. Let n(h) = -3*g(h) + 5*x(h). Is n(-2) a prime number?
True
Let d = 209 - 243. Let y(s) = -s**3 - 12*s**2 - 8*s - 7. Let r be y(-12). Let z = d + r. Is z a composite number?
True
Suppose 4*n - 2*n = 4*j + 307038, 767555 = 5*n - 2*j. Is n a prime number?
True
Suppose 2*l + n = 3266878, 3*n + 1633453 = -61*l + 62*l. Is l a prime number?
False
Suppose -3*j + 69 = 5*q, q = -j + 8 + 15. Suppose -x + 60 = -j. Suppose x = -6*g + 1145. Is g prime?
False
Suppose 3*w = 2*j - 134